ppose 20 = 4*m - z. What are the prime factors of m?
2, 53
Suppose -5*o + 0*o - 2*j = -16, 3*j = 4*o + 1. Suppose 12 = -o*w - 0. List the prime factors of 94/((-2)/(4 + w)).
2, 47
Let f(u) = -17*u - 49. Let p be f(-4). Let a = p + 342. List the prime factors of a.
19
Let v be -3*((-8)/(-12) + 2)*6. Let s be (1/2)/(94/v + 2). Suppose -8*c = -116 - s. What are the prime factors of c?
2
Suppose -3*j + 4*h + 213595 = 0, -3*j - 53*h + 56*h + 213600 = 0. List the prime factors of j.
3, 5, 47, 101
Suppose -5*q - 35 = -10*q. What are the prime factors of q/(-14)*10 - -31?
2, 13
Let o be (3/6 + -1)/((-2)/(-24)). Let y be (o + 10)/(-1 + -1). List the prime factors of (-42)/y*32/12.
2, 7
Suppose 0 = -106*h + 20332 + 85880. What are the prime factors of h?
2, 3, 167
Suppose -12*o + 4*w - 60 = -14*o, 5*w + 2 = o. Suppose -20*l - 947 = -o*l - 5*h, h - 2356 = -5*l. What are the prime factors of l?
3, 157
Let p = 10 + -1. Suppose -l = -0*l - p. Suppose l*s + 306 = 12*s. List the prime factors of s.
2, 3, 17
Let f(m) = 9*m - 14. Let g = 44 + -46. Let x be (-1)/(2/20*g). What are the prime factors of f(x)?
31
Let b be (5 - 8 - -2)*18. Let n = 86 - b. List the prime factors of n.
2, 13
Let w = 211 + -183. Suppose -32*z + 3856 = -w*z. List the prime factors of z.
2, 241
Suppose -8587 = 8*m - 20595. Let u be m/(-5)*-1 + (-2)/10. Suppose -l = -3*l + u. List the prime factors of l.
2, 3, 5
Let t = 439 - 663. Let c = -36 - t. Suppose -8*l = -c - 20. List the prime factors of l.
2, 13
Suppose 41*h + 1034 = 43*h - 1898. List the prime factors of h.
2, 733
Let n = 126722 - 48050. List the prime factors of n.
2, 3, 11, 149
Suppose -6*p = -p + 5. Let h be (1 + 6/2)*(0 - p). Suppose 3*n + h*i - 160 = -n, 4*i = -n + 43. List the prime factors of n.
3, 13
Suppose 2*g + 4 = 0, 2*r + 2*g - 6*g + 2 = 0. What are the prime factors of (-3)/r*(7 + 258)?
3, 53
Suppose -11 = 3*x + c, 5*x - 3*c = -4*c - 21. List the prime factors of (x - -102 - 3) + -4.
2, 3, 5
Let c be 44883/27 + 2/(-6). Suppose 3*k - c = -3*f - 2*f, 4*k - 1661 = -5*f. List the prime factors of f.
3, 37
Let i = -140 + 164. What are the prime factors of 4/(8/3)*9376/i?
2, 293
Let o = 329 + -395. List the prime factors of 36/66 - 39036/o.
2, 37
Let y = 165 - 185. Let b(a) = a**3 + 23*a**2 + 45*a - 17. What are the prime factors of b(y)?
283
Suppose t + 3*t = 4*r + 10116, -5 = -5*r. Let q = t + -1728. What are the prime factors of q?
2, 401
Let f(j) = 15 - 11 - 3*j - 9. Let b be f(-2). What are the prime factors of (-40)/(-10) + (b - 0)?
5
Let r(y) = 21*y**3 - y. Let o = -93 - -90. Let u be 6/(-9) - ((-1)/o + -3). List the prime factors of r(u).
2, 83
Suppose -3*r + 9 + 0 = 0. Let w = 858 + -429. Suppose -r*v + w = 126. List the prime factors of v.
101
Let w = -11440 - -18373. List the prime factors of w.
3, 2311
Let k = 1249 - 20. Suppose -4931 = -6*o - k. List the prime factors of o.
617
Suppose 30 = 24*y - 18. Suppose -y*o = -17*o + 1635. What are the prime factors of o?
109
Suppose 0 = 2*m + 8*m + 10. Let f be 8/4*(-1)/m*1. Suppose -3*p + p = 8, q = -f*p + 78. What are the prime factors of q?
2, 43
Let s(h) = 2*h**3 - 2*h**2 + 3*h - 1. Let d be s(1). Suppose d*f = 6*f - 1020. Suppose -f - 43 = -2*v. What are the prime factors of v?
149
Suppose -139*a = -23387 + 1703. Suppose 0 = 2*g + 4, -g + 334 = -z - 3*z. Let t = a + z. List the prime factors of t.
2, 3
Suppose -16*k + 74807 + 218973 = -27708. What are the prime factors of k?
71, 283
Let b = 265 - 267. List the prime factors of (3 + (140 - b))/(12/60).
5, 29
Suppose -q + 233*x - 236*x + 18533 = 0, -15 = -3*x. What are the prime factors of q?
2, 47, 197
Suppose 3*t - 3*d = 18900, -5*t - 22*d + 24*d = -31506. List the prime factors of t.
2, 23, 137
Let n = 167270 + -115053. List the prime factors of n.
11, 47, 101
Suppose -20*d + 208869 = -5*d - 150726. What are the prime factors of d?
3, 61, 131
Suppose 4*u + 28 = 3*s, u = -4*u - 20. Suppose 0 = -s*p + 3*l + 24, 5*l = -5*p - 16 + 11. Suppose -p*r + 125 = -142. List the prime factors of r.
89
Let n = -74 - -69. Let g be -1 - -1 - n - (0 - 2). Suppose g*j - 326 = 5*j. What are the prime factors of j?
163
Suppose 2948*m - 48288 = 2940*m. What are the prime factors of m?
2, 3, 503
Suppose -3*t = -4*n - 720 - 13, -490 = -2*t + 2*n. Let b = -120 + t. What are the prime factors of b?
127
Let r(n) = 3*n + 7. Let v be r(-2). Let s be (-15)/(-2)*v*(-40)/(-25). List the prime factors of s/18 - 64/(-3).
2, 11
Let c = 2218 + -3361. Let d = 1932 + c. What are the prime factors of d?
3, 263
Let k be (5/(-3 + -2))/(4/1940). Let h = k - -492. List the prime factors of h.
7
Let z = 1356 - 681. Let u = 119 + z. List the prime factors of u.
2, 397
Let n = 7255 - 1122. List the prime factors of n.
6133
Let c(i) = 44*i**3 + i**2 - 24*i + 52. List the prime factors of c(5).
3, 17, 107
Suppose m - 2279 = -o, 122*m - 9121 = 118*m - 3*o. List the prime factors of m.
2, 571
Let p(v) = v**2 + 5*v - 122. Let k be p(0). Let z be (-1)/(-5) - k/(-10). What are the prime factors of 147 + -4*9/z?
2, 3, 5
Let c(h) = 4*h**2 - 10*h - 34. Let x be c(-6). Let g = x - 95. Let y = -65 + g. What are the prime factors of y?
2, 5
Let g = 123 + -441. List the prime factors of g/((-4)/(-8)*-1).
2, 3, 53
Let s(k) = k - 1. Let v be s(5). Let q(r) = 10*r**2 + 235. Let g(t) = t**2 + 21. Let h(u) = 45*g(u) - 4*q(u). List the prime factors of h(v).
5, 17
Let c(l) = 457*l**2 + 3*l - 4. Let g be c(1). Suppose r + 5*o - 299 = -r, -3*r - 5*o = -g. List the prime factors of r.
157
Let z = 5400 + 5576. Suppose -z = -22*n - 6*n. What are the prime factors of n?
2, 7
Suppose 5068 - 15015 = -d + 4*g, 4*g = 3*d - 29833. What are the prime factors of d?
61, 163
Suppose 6*d = 3*d - 12. Let b(l) be the second derivative of l**4/12 - 5*l**3/6 - 13*l**2/2 - l - 26. List the prime factors of b(d).
23
Let a(q) = 2*q - 13. Let p be a(8). Suppose -992 = -6*u + 2614. Suppose b - 2*n = n + 125, 5*b - u = p*n. List the prime factors of b.
7, 17
Suppose -3*f + 41072 = 773*x - 771*x, -3*x = -2*f + 27403. What are the prime factors of f?
2, 41, 167
Let l = 17471 + -11800. Suppose 0 = 3*c - 5*r - 3492 - 740, -r = -4*c + l. List the prime factors of c.
3, 11, 43
Suppose -5*d + 2*n + 30376 = 0, -7*n + 18248 = 3*d - 5*n. List the prime factors of d.
2, 3, 1013
Suppose 6*k - 3*k + 288991 = 5*n, -4*n = 2*k - 231228. List the prime factors of n.
57803
Let c(v) = -v**2 - 4*v + 5. Let i be c(-4). Let f(b) = b + 2. Let y be f(i). What are the prime factors of y/(28/12 + -2)?
3, 7
Let a(u) = -u**3 - 7*u**2 - 11*u - 15. Let x be ((-40)/30)/(4/(-306)). Let t be x/(-14) - (-20)/70. List the prime factors of a(t).
2, 31
Let f be (-158 - 2)*(-3 + -7)/5. Let r = 68 + f. What are the prime factors of r?
2, 97
Suppose 106*w - 90876 + 26852 = 0. List the prime factors of w.
2, 151
Let f(v) = v - 6. Let z be f(6). Suppose -4*b + 16 = 4*l, 0 = -z*b + 2*b - 3*l - 3. Suppose 128 = p + b. What are the prime factors of p?
5
Suppose 14160 + 6882 = 6*j. Suppose -3*a - j = -3*h, -5*a + 956 = -2*h + 3306. What are the prime factors of h?
5, 233
Let d = 2547 + -1748. Let q = d + -76. List the prime factors of q.
3, 241
Suppose 165*q = 3887033 - 21578. What are the prime factors of q?
3, 19, 137
Let z = 144 - 204. What are the prime factors of z/9*(-10800)/125?
2, 3
Suppose -x + 12 = -2*j, -3*x + 2*x + 4*j = -20. Suppose 60 = m + x*f, 5*m - f + 0*f = 237. Suppose 2*z = -0*z + m. What are the prime factors of z?
2, 3
Let z(l) be the second derivative of l**5/20 - 3*l**4/2 - 3*l**3/2 - 43*l**2/2 + 3*l. Let b = -563 + 582. What are the prime factors of z(b)?
3, 7
Let d = -352 - -356. Suppose -3*l - z - 276 = -1694, -d*l - 5*z + 1887 = 0. What are the prime factors of l?
11, 43
Suppose 6*r + 2*h - 66791 = 41695, 2*h - 90405 = -5*r. List the prime factors of r.
3, 7, 41
Suppose 4*d - 55505 - 35787 = 5*s, 2*s - 91264 = -4*d. What are the prime factors of d?
2, 3, 3803
Let y = 83 - 71. Let c(o) = -40 + 7*o - y + 8. What are the prime factors of c(17)?
3, 5
List the prime factors of (2 - 5)/(3/(-12933)).
3, 479
Let r(w) = w + 8. Let p be r(6). Suppose p*t - 3459 = 3597. List the prime factors of t.
2, 3, 7
List the prime factors of (-38)/((-29172)/7290 + 4).
3, 5, 19
Suppose 2*j + o = 12, 2*o + 20 = 3*j + 3*o. Suppose -j*i